What is the thousands digit of g?
9
Suppose 1 = 2*n + l, -4*n - 5*l - 5 - 2 = 0. Suppose -4*b = -3*p + 32, 21 = -p - 3*b - n*b. What is the tens digit of (-2)/p*(-79 - -1)?
3
Suppose -3*y + c - 28 = 0, -6*y - 5*c = -4*y + 13. Let q(t) = t**3 - 30*t**2 - 171*t - 11. Let j be q(35). What is the tens digit of (-3)/(6/y + j/234)?
2
Let i(w) = 4*w**3 - 2*w**2 + w. Let g be i(2). Let x = -23 + g. Suppose -532 = -5*m - 4*n, -n = -x*m - 0*m + 309. What is the hundreds digit of m?
1
Let s(j) = -6*j + 10. Let f be s(5). Let n be (f/(-11) - 16/(-88)) + 311. Suppose 4*r - 251 = n. What is the hundreds digit of r?
1
Suppose -60*f - 3*f + 332199 = 0. What is the units digit of f?
3
Suppose 3*k - 4579 = -2*s + 1459, 0 = -5*s - 2*k + 15117. Let h = -1695 + s. What is the tens digit of h?
3
Let g be -2 + 60/27 + (-8)/36. Suppose -5*m + 11 - 1 = g. Suppose f - 3*f = 6, -m*t - 5*f = -125. What is the tens digit of t?
7
Suppose -2*i + 6*i + 8 = 0, 0 = -4*d - 5*i - 2. Let u(l) = -l**2 + 219*l + 0*l**d + 10 - 231*l. What is the units digit of u(-12)?
0
Let t be (-4)/14 - (-49910)/98. Let p = t + -14. What is the units digit of p?
5
Let v(m) be the first derivative of m**4/4 + 11*m**3/3 - 9*m**2/2 - 11*m - 85. What is the tens digit of v(-8)?
5
Suppose 3*p = -j - 4*j - 119, -245 = 5*p - j. Let k = 48 + p. What is the tens digit of 33 + 3 + -1 + k + 0?
3
Let o = 31823 - 18014. What is the units digit of o?
9
Suppose -3*y = 4*o - 76286, -4*o = 20*y - 21*y - 76310. What is the units digit of o?
6
Suppose -52*p = 308*p - 417240. What is the tens digit of p?
5
Let p(m) = -240*m + 4. Suppose -3*v - 4*y = -0*v + 6, 4*v + 7 = -5*y. Let a be p(v). What is the tens digit of 5 + a/(-16) - (-3)/(-4)?
3
Let h be 1 - (-8)/(-12) - (-233)/3. Let k = 77 - h. Let u(z) = 203*z**2 + 4*z + 3. What is the tens digit of u(k)?
0
Let k(l) = -l**2 + 8*l + 18. Let v be k(9). Suppose -26 = -c - v*f + 4*f, -25 = -5*f. What is the units digit of (2 - c)*(231 - -2)?
3
Let f be ((-15)/(-50)*5)/(6/(-16)). Let l be (25/f)/((-1)/4). Suppose -3*r + 116 + l = 0. What is the tens digit of r?
4
Let b be 10/12 + (-2)/(-12). Let k be 2 + b - -2*(-2 + -2). What is the units digit of (-162)/4*(-8)/((-20)/k)?
1
Let g = -193 + -423. Let m = 904 + g. Suppose 8*n + m = 12*n. What is the units digit of n?
2
Suppose -5*n = -z + 2, -5*z = -2*n + n - 10. Let a(f) = -12*f**z - 10*f + 4*f + 2*f**2 - 16 + 12*f**2. What is the tens digit of a(10)?
2
Let m be (-5163)/(-18) + -3 + (-76)/(-24). Suppose 135 + m = k. What is the tens digit of k?
2
Let y = -111729 + 157705. What is the units digit of y?
6
Let p = -38 + 40. Suppose -333 = -p*r + 167. What is the hundreds digit of r?
2
What is the hundreds digit of 32*((-1462)/(-2) - 18)?
8
Let l be (-3)/((-21)/6*(-6)/(-14)). Let h be (-13)/l - (-9)/(-18). Let j = h + 85. What is the tens digit of j?
7
Let f = -20055 - -36516. What is the hundreds digit of f?
4
Let q = -35633 - -68025. What is the units digit of q?
2
Suppose -2*k + 27*q - 25*q + 21014 = 0, 0 = -5*k - q + 52547. What is the units digit of k?
9
Let x(u) = -u + 179. Let j be x(34). Let n(t) = t**2 - 4*t + 3. Let o be n(3). Suppose 2*r - j = -2*k + 243, -k - 3*r + 204 = o. What is the tens digit of k?
8
Suppose -2089627 = -88*d + 128984 - 30931. What is the tens digit of d?
6
Suppose -9 + 57 = 12*c. Suppose 4*w = c*q, 0*q - 3*w = 3*q. Suppose 0*i = -2*v + 2*i + 268, 4*i + 4 = q. What is the tens digit of v?
3
Let u = 4323 + 10690. What is the thousands digit of u?
5
Let c = -63 - -66. Suppose -603 = -c*m + 72. What is the hundreds digit of m?
2
Let c(p) be the second derivative of -p**3/6 - 4*p**2 - 2*p. Let u be c(-12). Suppose 2*d = 3*m + 107, u*m + 43 = 4*d - 181. What is the tens digit of d?
6
Let v(z) = 2557*z - 752. What is the ten thousands digit of v(5)?
1
Suppose 0 = -3*w + 22*w - 95. Suppose -w*a + 2*d = -4*a - 352, 2*a - 680 = -2*d. What is the units digit of a?
4
Suppose 4*h = -5*x + 28, 3*h - 5*x - 10 = -6*x. What is the units digit of 1 + (h - -1) + (1 - -333)?
8
Let a(i) = 218*i**2 + 24*i - 421. What is the thousands digit of a(11)?
6
Let z(x) = 3*x**3 - 71*x**2 - 50*x + 313. What is the hundreds digit of z(30)?
9
Suppose 277747 = 5*m - 3*p + 80204, 4*p + 158028 = 4*m. What is the ten thousands digit of m?
3
Suppose -3*i - 145 = -h - 106, 0 = -5*i - 30. Suppose 5*b + 2*g = -3, -b - 3*b - 2 = 2*g. Let n = b + h. What is the units digit of n?
0
Let k(w) = -100*w - 5. What is the units digit of k(-38)?
5
Suppose -3*m - 3*p = 3987, -6638 = -2*m + 7*m - 2*p. What is the hundreds digit of m/(-6)*(-135)/(-60)?
4
Suppose 2*o - 2*c + 180 = 6*o, -4*o + 184 = 3*c. Suppose 0 = r - 3, -19 = -5*i + r + o. Suppose -i*k = -9*k - 324. What is the tens digit of k?
8
Suppose -18*h = 7*h - 7450. Let g = 466 - h. What is the units digit of g?
8
Suppose 0 = -4*l - 5*k + 29, -3*l + 3*k + 10 + 5 = 0. Suppose a = l*a - 735. What is the hundreds digit of a?
1
Suppose -m - m - l = 507, m - 4*l = -249. Let o = 564 + m. What is the hundreds digit of o?
3
Let s(t) = -204*t - 4317. What is the hundreds digit of s(-61)?
1
Suppose -744*s - 130603 = -775*s. What is the units digit of s?
3
Let x(r) be the second derivative of r**5/20 + 10*r**4/3 + 10*r**3/3 + 20*r**2 - 158*r. What is the units digit of x(-39)?
1
Let d(h) = 17*h + 448. What is the tens digit of d(20)?
8
Suppose 2*w + 4*t + 142 = 26, -w + 3*t = 68. Let d = 120 - w. What is the units digit of d?
2
Suppose -4*o = 4*b - 21684, 16*b - 16267 = -3*o + 15*b. What is the thousands digit of o?
5
Suppose 8*b - 3678 = -22. What is the units digit of b?
7
Suppose 0 = 6*l + 20*l + 319384. What is the thousands digit of l/(-10) - ((-208)/(-20) - 11)?
1
Suppose 140*v - 1375535 = -45*v - 29475. What is the tens digit of v?
7
Let f(b) = -4*b**3 - 10*b**2 + 6*b + 10. Let t(p) = p**3 + 3*p - 1. Let i(h) = -f(h) - 2*t(h). What is the thousands digit of i(7)?
1
Suppose 53107 + 21813 = 3*g - 4*l, -l = -8. What is the thousands digit of g?
4
Let j(a) = 3*a**2 - 7*a + 9. Let s be j(3). Suppose 0 = s*u - 4*u - 11198. What is the thousands digit of u?
1
Let a(r) be the second derivative of r - 1/4*r**5 - 1/2*r**2 + 0 - 1/6*r**3 - 1/4*r**4. What is the tens digit of a(-2)?
2
Let t(f) be the third derivative of f**5/30 - f**4/3 + 5*f**3/2 + 169*f**2 + 2. What is the units digit of t(13)?
9
Suppose -11*s + 689 = -873. Let b = 513 - s. What is the tens digit of b?
7
Suppose -908*o = -879*o - 89204. What is the thousands digit of o?
3
Suppose -43*x = -47*x - 172. Suppose -5*f - u + 228 = u, 2*u + 48 = f. Let t = x + f. What is the units digit of t?
3
Let s(f) = -14*f - 164. Let n be s(-15). Let a = n - -108. What is the tens digit of a?
5
Let u(n) = 556*n**2 + n - 1. Let z = -70 - -71. What is the tens digit of u(z)?
5
Suppose 0 = 149*k - 221*k + 14256. What is the hundreds digit of k?
1
Suppose -26*o = 6970 - 88922. Suppose -5*j + o + 273 = 0. What is the units digit of j?
5
Let j(m) = -m**2 + 10*m - 23. Let i be j(-12). Let z = 233 - i. What is the tens digit of z?
2
Let g = -4569 - -17631. What is the tens digit of g?
6
Suppose -4*x + 44 = -28. Suppose -3291 = -x*o + 1371. Let t = o + -63. What is the hundreds digit of t?
1
Let g = 510 + -253. Let s = g + -178. What is the units digit of s?
9
What is the hundreds digit of (-599832)/(-120) - 16/10?
9
Suppose 3*t = -x + 10 + 16, x - 26 = t. What is the tens digit of 4/(-14) - x/7 - -509?
0
Let s be (-4)/(-5) + (3078/(-5))/(-3). Let a(c) = c**3 - 2*c**2. Let z be a(2). Suppose 5*v = 0, 2*v = 2*f - z*f - s. What is the hundreds digit of f?
1
Suppose -4*u = -2*q + 44, -11*u = -12*u - 5*q - 22. What is the hundreds digit of (u - -269)*(-3)/(-3)?
2
Suppose -27*b + 290726 = -168922. Suppose 0*o + 16*o = b. What is the thousands digit of o?
1
Suppose -q = -1, -6*w + 11*w - 23 = -3*q. Suppose w*n = -0*n + 12, -1307 = -4*i + 3*n. What is the units digit of i?
9
Suppose -5*j = -4*b + 7, -9 = 4*b + j + 2. Let i be (b + 6)*-3*(-328)/12. Suppose -5*g - 4*c - 376 = -1208, 2*g - i = -4*c. What is the tens digit of g?
6
Suppose 819 + 3869 = 16*m. Suppose 115 = 3*v - 2*v. Suppose 3*u = m + v. What is the hundreds digit of u?
1
Suppose 6*j + 24 = -36. What is the units digit of 706 + 10/(j/(-3))?
9
Suppose -5*k = o - 28302, -8*k = -4*o + 15874 + 97474. What is t